{"id":7578,"date":"2024-05-08T12:23:32","date_gmt":"2024-05-08T10:23:32","guid":{"rendered":"https:\/\/ottevenyikastely.hu\/?page_id=7578"},"modified":"2024-07-09T20:55:00","modified_gmt":"2024-07-09T18:55:00","slug":"veranstaltungen","status":"publish","type":"page","link":"https:\/\/ottevenyikastely.hu\/de\/veranstaltungen\/","title":{"rendered":"Veranstaltungen"},"content":{"rendered":"<div data-elementor-type=\"wp-page\" data-elementor-id=\"7578\" class=\"elementor elementor-7578\" data-elementor-post-type=\"page\">\n\t\t\t\t<div class=\"elementor-element elementor-element-fab271a e-con-full e-flex e-con e-parent\" data-id=\"fab271a\" data-element_type=\"container\" data-e-type=\"container\" data-settings=\"{&quot;background_background&quot;:&quot;classic&quot;}\">\n\t\t<div class=\"elementor-element elementor-element-f770a4f e-con-full e-flex e-con e-child\" data-id=\"f770a4f\" data-element_type=\"container\" data-e-type=\"container\">\n\t\t\t\t<div class=\"elementor-element elementor-element-b34c8d7 elementor-widget elementor-widget-heading\" data-id=\"b34c8d7\" data-element_type=\"widget\" data-e-type=\"widget\" data-widget_type=\"heading.default\">\n\t\t\t\t<div class=\"elementor-widget-container\">\n\t\t\t\t\t<h1 class=\"elementor-heading-title elementor-size-default\">Veranstaltungen<\/h1>\t\t\t\t<\/div>\n\t\t\t\t<\/div>\n\t\t\t\t<\/div>\n\t\t\t\t<\/div>\n\t\t<div class=\"elementor-element elementor-element-e08fc73 e-flex e-con-boxed e-con e-parent\" data-id=\"e08fc73\" data-element_type=\"container\" data-e-type=\"container\" data-settings=\"{&quot;background_background&quot;:&quot;classic&quot;}\">\n\t\t\t\t\t<div class=\"e-con-inner\">\n\t\t<div class=\"elementor-element elementor-element-deb8d34 e-flex e-con-boxed e-con e-child\" data-id=\"deb8d34\" data-element_type=\"container\" data-e-type=\"container\">\n\t\t\t\t\t<div class=\"e-con-inner\">\n\t\t<div class=\"elementor-element elementor-element-3717f9b e-flex e-con-boxed e-con e-child\" data-id=\"3717f9b\" data-element_type=\"container\" data-e-type=\"container\">\n\t\t\t\t\t<div class=\"e-con-inner\">\n\t\t\t\t<div class=\"elementor-element elementor-element-554b9eb elementor-cta--valign-middle elementor-widget__width-initial elementor-cta--skin-classic elementor-animated-content elementor-bg-transform elementor-bg-transform-zoom-in elementor-widget elementor-widget-call-to-action\" data-id=\"554b9eb\" data-element_type=\"widget\" data-e-type=\"widget\" data-widget_type=\"call-to-action.default\">\n\t\t\t\t<div class=\"elementor-widget-container\">\n\t\t\t\t\t\t\t<div class=\"elementor-cta\">\n\t\t\t\t\t<div class=\"elementor-cta__bg-wrapper\">\n\t\t\t\t<div class=\"elementor-cta__bg elementor-bg\" style=\"background-image: url(https:\/\/ottevenyikastely.hu\/wp-content\/uploads\/2024\/05\/kastely.png);\" role=\"img\" aria-label=\"Kastration\"><\/div>\n\t\t\t\t<div class=\"elementor-cta__bg-overlay\"><\/div>\n\t\t\t<\/div>\n\t\t\t\t\t\t\t<div class=\"elementor-cta__content\">\n\t\t\t\t\n\t\t\t\t\t\t\t\t\t<h2 class=\"elementor-cta__title elementor-cta__content-item elementor-content-item\">\n\t\t\t\t\t\tI. F\u00f6ldv\u00e1ry-Schl\u00f6ssertag <br> Datum: 2024.08.19\t\t\t\t\t<\/h2>\n\t\t\t\t\n\t\t\t\t\t\t\t\t\t<div class=\"elementor-cta__description elementor-cta__content-item elementor-content-item\">\n\t\t\t\t\t\tEin Antiquit\u00e4tenmarkt im Schlosshof und eine internationale Ausstellung von Puppen und Teddyb\u00e4ren im Inneren des Schlosses. Bewundern und kaufen Sie die wertvollsten Relikte aus alten Zeiten und die wertvollsten Sch\u00e4tze von Sammlern. Neben der Ausstellung und der Messe werden wir auch spannende Begleitaktivit\u00e4ten anbieten, um den Urlaub f\u00fcr Jung und Alt unvergesslich zu machen. Die F\u00f6ldv\u00e1ry-Tage sind eine Tradition und ein fester Bestandteil des Dorffestes.\t\t\t\t\t<\/div>\n\t\t\t\t\n\t\t\t\t\t\t\t\t\t<div class=\"elementor-cta__button-wrapper elementor-cta__content-item elementor-content-item\">\n\t\t\t\t\t<a class=\"elementor-cta__button elementor-button elementor-size-\" href=\"https:\/\/ottevenyikastely.hu\/de\/foldvary-kastely-napok-2024\/\">\n\t\t\t\t\t\tIch werde pr\u00fcfen\t\t\t\t\t<\/a>\n\t\t\t\t\t<\/div>\n\t\t\t\t\t\t\t<\/div>\n\t\t\t\t\t\t\t<div class=\"elementor-ribbon\">\n\t\t\t\t<div class=\"elementor-ribbon-inner\">\n\t\t\t\t\tAktiv\t\t\t\t<\/div>\n\t\t\t<\/div>\n\t\t\t\t<\/div>\n\t\t\t\t\t\t<\/div>\n\t\t\t\t<\/div>\n\t\t\t\t<div class=\"elementor-element elementor-element-46d8b22 elementor-cta--valign-middle elementor-widget__width-initial elementor-cta--skin-classic elementor-animated-content elementor-bg-transform elementor-bg-transform-zoom-in elementor-widget elementor-widget-call-to-action\" data-id=\"46d8b22\" data-element_type=\"widget\" data-e-type=\"widget\" data-widget_type=\"call-to-action.default\">\n\t\t\t\t<div class=\"elementor-widget-container\">\n\t\t\t\t\t\t\t<div class=\"elementor-cta\">\n\t\t\t\t\t<div class=\"elementor-cta__bg-wrapper\">\n\t\t\t\t<div class=\"elementor-cta__bg elementor-bg\" style=\"background-image: url(https:\/\/ottevenyikastely.hu\/wp-content\/uploads\/2024\/06\/Chateau_foldvary_kastely_eskuvoi_divatbemutato_es_kiallitas.jpg);\" role=\"img\" aria-label=\"Barcelona,-,Mai,11:,Models,Gehen,mit,Karolina,Kurkova,Model\"><\/div>\n\t\t\t\t<div class=\"elementor-cta__bg-overlay\"><\/div>\n\t\t\t<\/div>\n\t\t\t\t\t\t\t<div class=\"elementor-cta__content\">\n\t\t\t\t\n\t\t\t\t\t\t\t\t\t<h2 class=\"elementor-cta__title elementor-cta__content-item elementor-content-item\">\n\t\t\t\t\t\tHochzeitsmodenschau und Ausstellung <br> Datum: 28-29.09.2024.\t\t\t\t\t<\/h2>\n\t\t\t\t\n\t\t\t\t\t\t\t\t\t<div class=\"elementor-cta__description elementor-cta__content-item elementor-content-item\">\n\t\t\t\t\t\tDesigner aus drei der prestigetr\u00e4chtigsten Modest\u00e4dte der Region - Wien, Budapest und Bratislava - schlie\u00dfen sich zusammen, um im glanzvollen Schloss F\u00f6ldv\u00e1r die neuesten Trends der Hochzeitsmode zu pr\u00e4sentieren. Bei der Veranstaltung, die vom 28. bis 29. September 2024 stattfindet, werden neben interessierten Brautpaaren auch einige der prominentesten Pers\u00f6nlichkeiten aus der Modewelt erwartet.\t\t\t\t\t<\/div>\n\t\t\t\t\n\t\t\t\t\t\t\t\t\t<div class=\"elementor-cta__button-wrapper elementor-cta__content-item elementor-content-item\">\n\t\t\t\t\t<a class=\"elementor-cta__button elementor-button elementor-size-\" href=\"https:\/\/ottevenyikastely.hu\/de\/eskuvoi-divatbemutato-es-kiallitas\/\">\n\t\t\t\t\t\tIch werde pr\u00fcfen\t\t\t\t\t<\/a>\n\t\t\t\t\t<\/div>\n\t\t\t\t\t\t\t<\/div>\n\t\t\t\t\t\t\t<div class=\"elementor-ribbon\">\n\t\t\t\t<div class=\"elementor-ribbon-inner\">\n\t\t\t\t\tDemn\u00e4chst verf\u00fcgbar\t\t\t\t<\/div>\n\t\t\t<\/div>\n\t\t\t\t<\/div>\n\t\t\t\t\t\t<\/div>\n\t\t\t\t<\/div>\n\t\t\t\t\t<\/div>\n\t\t\t\t<\/div>\n\t\t<div class=\"elementor-element elementor-element-bc59c57 e-flex e-con-boxed e-con e-child\" data-id=\"bc59c57\" data-element_type=\"container\" data-e-type=\"container\">\n\t\t\t\t\t<div class=\"e-con-inner\">\n\t\t\t\t<div class=\"elementor-element elementor-element-1dce12d elementor-cta--valign-middle elementor-widget__width-initial elementor-cta--skin-classic elementor-animated-content elementor-bg-transform elementor-bg-transform-zoom-in elementor-widget elementor-widget-call-to-action\" data-id=\"1dce12d\" data-element_type=\"widget\" data-e-type=\"widget\" data-widget_type=\"call-to-action.default\">\n\t\t\t\t<div class=\"elementor-widget-container\">\n\t\t\t\t\t\t\t<div class=\"elementor-cta\">\n\t\t\t\t\t<div class=\"elementor-cta__bg-wrapper\">\n\t\t\t\t<div class=\"elementor-cta__bg elementor-bg\" style=\"background-image: url(https:\/\/ottevenyikastely.hu\/wp-content\/uploads\/2024\/05\/Chateau_Foldvary_kastely.jpg);\" role=\"img\" aria-label=\"Chateau_Foldvary_kastely\"><\/div>\n\t\t\t\t<div class=\"elementor-cta__bg-overlay\"><\/div>\n\t\t\t<\/div>\n\t\t\t\t\t\t\t<div class=\"elementor-cta__content\">\n\t\t\t\t\n\t\t\t\t\t\t\t\t\t<h2 class=\"elementor-cta__title elementor-cta__content-item elementor-content-item\">\n\t\t\t\t\t\tFotowettbewerb <br> Datum: 2024.06.01-2025.06.01\t\t\t\t\t<\/h2>\n\t\t\t\t\n\t\t\t\t\t\t\t\t\t<div class=\"elementor-cta__description elementor-cta__content-item elementor-content-item\">\n\t\t\t\t\t\tDas Schloss von \u00f6ttev\u00e9ny ist stolz darauf, seinen Foto- und Videowettbewerb \"Vier Jahreszeiten im Schloss von \u00f6ttev\u00e9ny\" auszuschreiben. Das Ziel des Wettbewerbs ist es, die wechselnde und faszinierende Sch\u00f6nheit des Schlosses und seiner G\u00e4rten in allen Jahreszeiten durch Foto- und Videomaterial zu zeigen. \t\t\t\t\t<\/div>\n\t\t\t\t\n\t\t\t\t\t\t\t\t\t<div class=\"elementor-cta__button-wrapper elementor-cta__content-item elementor-content-item\">\n\t\t\t\t\t<a class=\"elementor-cta__button elementor-button elementor-size-\" href=\"https:\/\/ottevenyikastely.hu\/de\/photopalyazate_2024\/\">\n\t\t\t\t\t\tIch werde pr\u00fcfen\t\t\t\t\t<\/a>\n\t\t\t\t\t<\/div>\n\t\t\t\t\t\t\t<\/div>\n\t\t\t\t\t\t\t<div class=\"elementor-ribbon\">\n\t\t\t\t<div class=\"elementor-ribbon-inner\">\n\t\t\t\t\tGeschlossen\t\t\t\t<\/div>\n\t\t\t<\/div>\n\t\t\t\t<\/div>\n\t\t\t\t\t\t<\/div>\n\t\t\t\t<\/div>\n\t\t\t\t\t<\/div>\n\t\t\t\t<\/div>\n\t\t\t\t\t<\/div>\n\t\t\t\t<\/div>\n\t\t\t\t\t<\/div>\n\t\t\t\t<\/div>\n\t\t\t\t<\/div>","protected":false},"excerpt":{"rendered":"<p>Veranstaltungen I. F\u00f6ldv\u00e1ry-Schl\u00f6ssertag Datum: 19.08.2024.08.2024 Antiquit\u00e4tenmesse im Schlosshof und Internationale Babyb\u00e4renausstellung im Schlossinneren. Bewundern und kaufen Sie einige der wertvollsten Relikte aus alten Zeiten und die wertvollsten Sch\u00e4tze von Sammlern. Neben der Ausstellung und der Messe wird ein spannendes Rahmenprogramm die [...]<\/p>","protected":false},"author":3,"featured_media":0,"parent":0,"menu_order":0,"comment_status":"closed","ping_status":"closed","template":"elementor_header_footer","meta":{"footnotes":""},"class_list":["post-7578","page","type-page","status-publish","hentry","entry"],"_links":{"self":[{"href":"https:\/\/ottevenyikastely.hu\/de\/wp-json\/wp\/v2\/pages\/7578","targetHints":{"allow":["GET"]}}],"collection":[{"href":"https:\/\/ottevenyikastely.hu\/de\/wp-json\/wp\/v2\/pages"}],"about":[{"href":"https:\/\/ottevenyikastely.hu\/de\/wp-json\/wp\/v2\/types\/page"}],"author":[{"embeddable":true,"href":"https:\/\/ottevenyikastely.hu\/de\/wp-json\/wp\/v2\/users\/3"}],"replies":[{"embeddable":true,"href":"https:\/\/ottevenyikastely.hu\/de\/wp-json\/wp\/v2\/comments?post=7578"}],"version-history":[{"count":0,"href":"https:\/\/ottevenyikastely.hu\/de\/wp-json\/wp\/v2\/pages\/7578\/revisions"}],"wp:attachment":[{"href":"https:\/\/ottevenyikastely.hu\/de\/wp-json\/wp\/v2\/media?parent=7578"}],"curies":[{"name":"wp","href":"https:\/\/api.w.org\/{rel}","templated":true}]}}

<div data-elementor-type="wp-page" data-elementor-id="7578" class="elementor elementor-7578" data-elementor-post-type="page">
				<div class="elementor-element elementor-element-fab271a e-con-full e-flex e-con e-parent" data-id="fab271a" data-element_type="container" data-e-type="container" data-settings="{&quot;background_background&quot;:&quot;classic&quot;}">
		<div class="elementor-element elementor-element-f770a4f e-con-full e-flex e-con e-child" data-id="f770a4f" data-element_type="container" data-e-type="container">
				<div class="elementor-element elementor-element-b34c8d7 elementor-widget elementor-widget-heading" data-id="b34c8d7" data-element_type="widget" data-e-type="widget" data-widget_type="heading.default">
				<div class="elementor-widget-container">
					<h1 class="elementor-heading-title elementor-size-default">Veranstaltungen</h1>				</div>
				</div>
				</div>
				</div>
		<div class="elementor-element elementor-element-e08fc73 e-flex e-con-boxed e-con e-parent" data-id="e08fc73" data-element_type="container" data-e-type="container" data-settings="{&quot;background_background&quot;:&quot;classic&quot;}">
					<div class="e-con-inner">
		<div class="elementor-element elementor-element-deb8d34 e-flex e-con-boxed e-con e-child" data-id="deb8d34" data-element_type="container" data-e-type="container">
					<div class="e-con-inner">
		<div class="elementor-element elementor-element-3717f9b e-flex e-con-boxed e-con e-child" data-id="3717f9b" data-element_type="container" data-e-type="container">
					<div class="e-con-inner">
				<div class="elementor-element elementor-element-554b9eb elementor-cta--valign-middle elementor-widget__width-initial elementor-cta--skin-classic elementor-animated-content elementor-bg-transform elementor-bg-transform-zoom-in elementor-widget elementor-widget-call-to-action" data-id="554b9eb" data-element_type="widget" data-e-type="widget" data-widget_type="call-to-action.default">
				<div class="elementor-widget-container">
							<div class="elementor-cta">
					<div class="elementor-cta__bg-wrapper">
				<div class="elementor-cta__bg elementor-bg" style="background-image: url(https://ottevenyikastely.hu/wp-content/uploads/2024/05/kastely.png);" role="img" aria-label="Kastration"></div>
				<div class="elementor-cta__bg-overlay"></div>
			</div>
							<div class="elementor-cta__content">
				
									<h2 class="elementor-cta__title elementor-cta__content-item elementor-content-item">
						I. Földváry-Schlössertag <br> Datum: 2024.08.19					</h2>
				
									<div class="elementor-cta__description elementor-cta__content-item elementor-content-item">
						Ein Antiquitätenmarkt im Schlosshof und eine internationale Ausstellung von Puppen und Teddybären im Inneren des Schlosses. Bewundern und kaufen Sie die wertvollsten Relikte aus alten Zeiten und die wertvollsten Schätze von Sammlern. Neben der Ausstellung und der Messe werden wir auch spannende Begleitaktivitäten anbieten, um den Urlaub für Jung und Alt unvergesslich zu machen. Die Földváry-Tage sind eine Tradition und ein fester Bestandteil des Dorffestes.					</div>
				
									<div class="elementor-cta__button-wrapper elementor-cta__content-item elementor-content-item">
					<a class="elementor-cta__button elementor-button elementor-size-" href="https://ottevenyikastely.hu/de/foldvary-kastely-napok-2024/">
						Ich werde prüfen					</a>
					</div>
							</div>
							<div class="elementor-ribbon">
				<div class="elementor-ribbon-inner">
					Aktiv				</div>
			</div>
				</div>
						</div>
				</div>
				<div class="elementor-element elementor-element-46d8b22 elementor-cta--valign-middle elementor-widget__width-initial elementor-cta--skin-classic elementor-animated-content elementor-bg-transform elementor-bg-transform-zoom-in elementor-widget elementor-widget-call-to-action" data-id="46d8b22" data-element_type="widget" data-e-type="widget" data-widget_type="call-to-action.default">
				<div class="elementor-widget-container">
							<div class="elementor-cta">
					<div class="elementor-cta__bg-wrapper">
				<div class="elementor-cta__bg elementor-bg" style="background-image: url(https://ottevenyikastely.hu/wp-content/uploads/2024/06/Chateau_foldvary_kastely_eskuvoi_divatbemutato_es_kiallitas.jpg);" role="img" aria-label="Barcelona,-,Mai,11:,Models,Gehen,mit,Karolina,Kurkova,Model"></div>
				<div class="elementor-cta__bg-overlay"></div>
			</div>
							<div class="elementor-cta__content">
				
									<h2 class="elementor-cta__title elementor-cta__content-item elementor-content-item">
						Hochzeitsmodenschau und Ausstellung <br> Datum: 28-29.09.2024.					</h2>
				
									<div class="elementor-cta__description elementor-cta__content-item elementor-content-item">
						Designer aus drei der prestigeträchtigsten Modestädte der Region - Wien, Budapest und Bratislava - schließen sich zusammen, um im glanzvollen Schloss Földvár die neuesten Trends der Hochzeitsmode zu präsentieren. Bei der Veranstaltung, die vom 28. bis 29. September 2024 stattfindet, werden neben interessierten Brautpaaren auch einige der prominentesten Persönlichkeiten aus der Modewelt erwartet.					</div>
				
									<div class="elementor-cta__button-wrapper elementor-cta__content-item elementor-content-item">
					<a class="elementor-cta__button elementor-button elementor-size-" href="https://ottevenyikastely.hu/de/eskuvoi-divatbemutato-es-kiallitas/">
						Ich werde prüfen					</a>
					</div>
							</div>
							<div class="elementor-ribbon">
				<div class="elementor-ribbon-inner">
					Demnächst verfügbar				</div>
			</div>
				</div>
						</div>
				</div>
					</div>
				</div>
		<div class="elementor-element elementor-element-bc59c57 e-flex e-con-boxed e-con e-child" data-id="bc59c57" data-element_type="container" data-e-type="container">
					<div class="e-con-inner">
				<div class="elementor-element elementor-element-1dce12d elementor-cta--valign-middle elementor-widget__width-initial elementor-cta--skin-classic elementor-animated-content elementor-bg-transform elementor-bg-transform-zoom-in elementor-widget elementor-widget-call-to-action" data-id="1dce12d" data-element_type="widget" data-e-type="widget" data-widget_type="call-to-action.default">
				<div class="elementor-widget-container">
							<div class="elementor-cta">
					<div class="elementor-cta__bg-wrapper">
				<div class="elementor-cta__bg elementor-bg" style="background-image: url(https://ottevenyikastely.hu/wp-content/uploads/2024/05/Chateau_Foldvary_kastely.jpg);" role="img" aria-label="Chateau_Foldvary_kastely"></div>
				<div class="elementor-cta__bg-overlay"></div>
			</div>
							<div class="elementor-cta__content">
				
									<h2 class="elementor-cta__title elementor-cta__content-item elementor-content-item">
						Fotowettbewerb <br> Datum: 2024.06.01-2025.06.01					</h2>
				
									<div class="elementor-cta__description elementor-cta__content-item elementor-content-item">
						Das Schloss von öttevény ist stolz darauf, seinen Foto- und Videowettbewerb "Vier Jahreszeiten im Schloss von öttevény" auszuschreiben. Das Ziel des Wettbewerbs ist es, die wechselnde und faszinierende Schönheit des Schlosses und seiner Gärten in allen Jahreszeiten durch Foto- und Videomaterial zu zeigen. 					</div>
				
									<div class="elementor-cta__button-wrapper elementor-cta__content-item elementor-content-item">
					<a class="elementor-cta__button elementor-button elementor-size-" href="https://ottevenyikastely.hu/de/photopalyazate_2024/">
						Ich werde prüfen					</a>
					</div>
							</div>
							<div class="elementor-ribbon">
				<div class="elementor-ribbon-inner">
					Geschlossen				</div>
			</div>
				</div>
						</div>
				</div>
					</div>
				</div>
					</div>
				</div>
					</div>
				</div>
				</div>

<p>Veranstaltungen I. Földváry-Schlössertag Datum: 19.08.2024.08.2024 Antiquitätenmesse im Schlosshof und Internationale Babybärenausstellung im Schlossinneren. Bewundern und kaufen Sie einige der wertvollsten Relikte aus alten Zeiten und die wertvollsten Schätze von Sammlern. Neben der Ausstellung und der Messe wird ein spannendes Rahmenprogramm die [...]</p>
