{"id":4089,"date":"2023-06-12T15:20:18","date_gmt":"2023-06-12T13:20:18","guid":{"rendered":"https:\/\/ottevenyikastely.hu\/?page_id=4089"},"modified":"2023-08-09T15:43:47","modified_gmt":"2023-08-09T13:43:47","slug":"burggeschichte","status":"publish","type":"page","link":"https:\/\/ottevenyikastely.hu\/it\/burggeschichte\/","title":{"rendered":"Storia del castello"},"content":{"rendered":"<div  class=\"ppb_image_half_boxed_fixed_width one\" >\n<div class=\"standard_wrapper\">\n<div class=\"page_content_wrapper\">\n<div class=\"inner\">\n<div class=\"one_half content_middle fixed\" style=\"padding:0px; text-align:left;min-height:420px;\">\n<div class=\"content_middle_wrapper\">\n<div class=\"content_middle_content\">\n<div class=\"ppb_header_content\">\n<p style=\"color: #374151; text-align: justify;\">Il castello F\u00f6ldv\u00e1ry si trova nel comune di \u00d6ttev\u00e9ny, a 15 km da Gy\u0151r, nel Transdanubio occidentale.<\/p>\n<p style=\"color: #374151; text-align: justify;\">Il villaggio, che ha subito molti cambiamenti storici nel corso del tempo, ha conservato fino ad oggi la sua importanza storica e il suo ricco patrimonio. Viene menzionato per la prima volta nelle fonti scritte nel XIII secolo, dove compare con il nome di \u00d6ttev\u00e9ny, ma la sua storia risale a molto prima, i reperti archeologici dimostrano che l'area era gi\u00e0 abitata nell'Et\u00e0 del Bronzo. Nel Medioevo, il villaggio faceva parte della propriet\u00e0 del castello di Kom\u00e1rom, per poi essere spopolato nel periodo turco.<\/p>\n<\/div>\n<\/div>\n<\/div>\n<\/div>\n<p><br class=\"clear\"\/><\/div>\n<\/div>\n<\/div>\n<\/div>\n<div  class=\"ppb_image_half_boxed_fixed_width one\" >\n<div class=\"standard_wrapper\">\n<div class=\"page_content_wrapper\">\n<div class=\"inner\">\n<div class=\"one_half content_middle fixed\" style=\"padding:0px; text-align:left;min-height:420px;\">\n<div class=\"content_middle_wrapper\">\n<div class=\"content_middle_content\">\n<div class=\"ppb_header_content\">\n<p style=\"color: #374151; text-align: justify;\">Il castello fu costruito lungo la strada principale Vienna-Bratislava-Budapest nel 1870 dal barone Mikl\u00f3s F\u00f6ldv\u00e1ry de Bern\u00e1tfalva (1840-1914), uno dei pi\u00f9 grandi proprietari terrieri dell'epoca, per sua moglie, e da allora \u00e8 diventato un simbolo del villaggio. L'edificio era originariamente una \"casa padronale\", ma fu ampliato negli anni successivi per diventare un castello. Fu poi ereditato dalla figlia di Mikl\u00f3s F\u00f6ldv\u00e1ry, Val\u00e9ria (1872-1964), che nel 1895 spos\u00f2 il conte K\u00e1roly Cs\u00e1ky (1873-1945), allora ministro della Difesa.<\/p>\n<p style=\"color: #374151; text-align: justify;\">Grazie alla sua posizione, il castello era un luogo di incontro regolare per l'\u00e9lite politica dell'epoca. Secondo la leggenda, era qui che venivano prese le vere decisioni su molte questioni di importanza nazionale.<\/p>\n<\/div>\n<\/div>\n<\/div>\n<\/div>\n<p><br class=\"clear\"\/><\/div>\n<\/div>\n<\/div>\n<\/div>\n<div  class=\"ppb_image_half_boxed_fixed_width one\" >\n<div class=\"standard_wrapper\">\n<div class=\"page_content_wrapper\">\n<div class=\"inner\">\n<div class=\"one_half content_middle fixed\" style=\"padding:0px; text-align:left;min-height:420px;\">\n<div class=\"content_middle_wrapper\">\n<div class=\"content_middle_content\">\n<div class=\"ppb_header_content\">\n<p style=\"color: #374151; text-align: justify;\">Dal loro matrimonio nacque il conte Andor Cs\u00e1ky. Era un magnate amante dell'arte e, attraverso la madre, proprietario di terreni nel \u00d6ttev\u00e9ny. Nei primi anni di vita fu attratto dalla poesia e scrisse poesie, poi scrisse articoli economici e infine si interess\u00f2 soprattutto alla fotografia. In seguito compie diversi viaggi di studio in Germania e in Francia, dove conosce l'industria della produzione cinematografica e contatta per corrispondenza la casa cinematografica americana, con la quale si consulta sul suo progetto di film.<\/p>\n<p style=\"color: #374151; text-align: justify;\">Si spos\u00f2 tre volte, la prima fu Erzs\u00e9bet Ilona Cs\u00e1ky di K\u0151r\u00f6sszegh e Adorj\u00e1n (18 ottobre 1900 - Budapest, 24 gennaio 1974), che spos\u00f2 il 28 marzo 1919 e dalla quale ebbe le figlie: Andrea (nata il 25 aprile 1920), Szonja (nata a Gy\u0151r, 15 dicembre 1929), Andrea Augusta Vikt\u00f3ria. Dopo il divorzio, avvenuto il 5 aprile 1930, si spos\u00f2 altre due volte: Maria Benz (nata il 21 marzo 1907) e successivamente Marion K\u00e9gl (nata nel gennaio 1906).<\/p>\n<p style=\"color: #374151; text-align: justify;\">Nel 1931, gir\u00f2 un cortometraggio muto in due parti (circa 600 metri) nella sua tenuta di \u00d6ttev\u00e9ny, con un cast di studenti di recitazione, attori dilettanti e il suo staff.<\/p>\n<\/div>\n<\/div>\n<\/div>\n<\/div>\n<p><br class=\"clear\"\/><\/div>\n<\/div>\n<\/div>\n<\/div>\n<div  class=\"one withsmallpadding ppb_header\" style=\"text-align:left;padding:30px 0 30px 0;\" >\n<div class=\"overlay_background\" style=\"background:#000000;background:rgb(0,0,0,1);background:rgba(0,0,0,1);\"><\/div>\n<div class=\"standard_wrapper\">\n<div class=\"page_content_wrapper\">\n<div class=\"inner\">\n<div style=\"margin:auto;width:100%\">\n<h2 class=\"ppb_title\" style=\"\">Oggi...<\/h2>\n<\/div>\n<\/div>\n<\/div>\n<\/div>\n<\/div>\n<div  class=\"ppb_image_half_boxed_fixed_width one\" >\n<div class=\"standard_wrapper\">\n<div class=\"page_content_wrapper\">\n<div class=\"inner\">\n<div class=\"one_half content_middle fixed\" style=\"padding:0px; text-align:left;min-height:420px;\">\n<div class=\"content_middle_wrapper\">\n<div class=\"content_middle_content\">\n<div class=\"ppb_header_content\">\n<p style=\"color: #374151; text-align: justify;\">A met\u00e0 del XX secolo, l'edificio pass\u00f2 di propriet\u00e0 della Waggonfabrik e svolse diverse funzioni, tra cui alloggi di emergenza, una farmacia e una casa di cura. \u00c9D\u00c1SZ Rt. acquist\u00f2 l'edificio, ormai abbandonato, nel 1988, poi impieg\u00f2 quattro anni per riportarlo allo stato originale e infine lo trasform\u00f2 in un moderno hotel a tre stelle.<\/p>\n<p style=\"color: #374151; text-align: justify;\">Qualche anno dopo, il castello \u00e8 stato acquistato dalla tennista slovacca di fama mondiale Daniela Hantuchova, che ha conservato e sviluppato con cura l'edificio fino al momento della sua chiusura. Durante la ristrutturazione, sono stati preservati il carattere e lo stile originali del castello, che riflette ancora l'atmosfera del secolo scorso. Nel 2020, Covid ha posto fine alla sua fiorente attivit\u00e0.<\/p>\n<\/div>\n<\/div>\n<\/div>\n<\/div>\n<p><br class=\"clear\"\/><\/div>\n<\/div>\n<\/div>\n<\/div>\n<div  class=\"ppb_image_half_boxed_fixed_width one\" >\n<div class=\"standard_wrapper\">\n<div class=\"page_content_wrapper\">\n<div class=\"inner\">\n<div class=\"one_half content_middle fixed\" style=\"padding:0px; text-align:left;min-height:420px;\">\n<div class=\"content_middle_wrapper\">\n<div class=\"content_middle_content\">\n<div class=\"ppb_header_content\">\n<p style=\"color: #374151; text-align: justify;\">Dopo la chiusura, l'antico edificio \u00e8 sprofondato in una silenziosa solitudine per 2 anni, che ha avuto un effetto marcato sul suo stato tecnico, e il parco \u00e8 diventato invaso dalla vegetazione. Nel maggio 2023, il castello \u00e8 diventato propriet\u00e0 della famiglia Matusz di Gy\u0151r e lo sviluppo \u00e8 ripreso. Il castello \u00e8 attualmente sottoposto a una completa ristrutturazione energetica e architettonica e si prevede che riaprir\u00e0 al pubblico il 30 aprile 2024.<\/p>\n<p style=\"color: #374151; text-align: justify;\">La storia del villaggio di \u00d6ttev\u00e9ny e del castello di F\u00f6ldv\u00e1ry \u00e8 stata strettamente intrecciata nel corso dei secoli, rendendolo uno degli elementi pi\u00f9 importanti del patrimonio storico locale per gli abitanti del villaggio, che sono orgogliosi del loro passato e continuano a preservare lo spirito storico del villaggio.<\/p>\n<\/div>\n<\/div>\n<\/div>\n<\/div>\n<p><br class=\"clear\"\/><\/div>\n<\/div>\n<\/div>\n<\/div>","protected":false},"excerpt":{"rendered":"<p>Il castello F\u00f6ldv\u00e1ry si trova nel comune di \u00d6ttev\u00e9ny, a 15 km da Gy\u0151r, nel Transdanubio occidentale. Il villaggio, che ha subito molti cambiamenti storici nel corso degli anni, ha conservato il suo significato storico e il suo ricco patrimonio fino ad oggi. \u00c8 menzionato per la prima volta in fonti scritte nel XIII secolo, dove \u00e8 conosciuto come \u00d6ttev\u00e9ny [...]<\/p>","protected":false},"author":3,"featured_media":3740,"parent":0,"menu_order":0,"comment_status":"closed","ping_status":"closed","template":"","meta":{"footnotes":""},"class_list":["post-4089","page","type-page","status-publish","has-post-thumbnail","hentry","entry","has-media"],"_links":{"self":[{"href":"https:\/\/ottevenyikastely.hu\/it\/wp-json\/wp\/v2\/pages\/4089","targetHints":{"allow":["GET"]}}],"collection":[{"href":"https:\/\/ottevenyikastely.hu\/it\/wp-json\/wp\/v2\/pages"}],"about":[{"href":"https:\/\/ottevenyikastely.hu\/it\/wp-json\/wp\/v2\/types\/page"}],"author":[{"embeddable":true,"href":"https:\/\/ottevenyikastely.hu\/it\/wp-json\/wp\/v2\/users\/3"}],"replies":[{"embeddable":true,"href":"https:\/\/ottevenyikastely.hu\/it\/wp-json\/wp\/v2\/comments?post=4089"}],"version-history":[{"count":0,"href":"https:\/\/ottevenyikastely.hu\/it\/wp-json\/wp\/v2\/pages\/4089\/revisions"}],"wp:featuredmedia":[{"embeddable":true,"href":"https:\/\/ottevenyikastely.hu\/it\/wp-json\/wp\/v2\/media\/3740"}],"wp:attachment":[{"href":"https:\/\/ottevenyikastely.hu\/it\/wp-json\/wp\/v2\/media?parent=4089"}],"curies":[{"name":"wp","href":"https:\/\/api.w.org\/{rel}","templated":true}]}}

<div  class="ppb_image_half_boxed_fixed_width one" >
<div class="standard_wrapper">
<div class="page_content_wrapper">
<div class="inner">
<div class="one_half content_middle fixed" style="padding:0px; text-align:left;min-height:420px;">
<div class="content_middle_wrapper">
<div class="content_middle_content">
<div class="ppb_header_content">
<p style="color: #374151; text-align: justify;">Il castello Földváry si trova nel comune di Öttevény, a 15 km da Győr, nel Transdanubio occidentale.</p>
<p style="color: #374151; text-align: justify;">Il villaggio, che ha subito molti cambiamenti storici nel corso del tempo, ha conservato fino ad oggi la sua importanza storica e il suo ricco patrimonio. Viene menzionato per la prima volta nelle fonti scritte nel XIII secolo, dove compare con il nome di Öttevény, ma la sua storia risale a molto prima, i reperti archeologici dimostrano che l'area era già abitata nell'Età del Bronzo. Nel Medioevo, il villaggio faceva parte della proprietà del castello di Komárom, per poi essere spopolato nel periodo turco.</p>
</div>
</div>
</div>
</div>
<p><br class="clear"/></div>
</div>
</div>
</div>
<div  class="ppb_image_half_boxed_fixed_width one" >
<div class="standard_wrapper">
<div class="page_content_wrapper">
<div class="inner">
<div class="one_half content_middle fixed" style="padding:0px; text-align:left;min-height:420px;">
<div class="content_middle_wrapper">
<div class="content_middle_content">
<div class="ppb_header_content">
<p style="color: #374151; text-align: justify;">Il castello fu costruito lungo la strada principale Vienna-Bratislava-Budapest nel 1870 dal barone Miklós Földváry de Bernátfalva (1840-1914), uno dei più grandi proprietari terrieri dell'epoca, per sua moglie, e da allora è diventato un simbolo del villaggio. L'edificio era originariamente una "casa padronale", ma fu ampliato negli anni successivi per diventare un castello. Fu poi ereditato dalla figlia di Miklós Földváry, Valéria (1872-1964), che nel 1895 sposò il conte Károly Csáky (1873-1945), allora ministro della Difesa.</p>
<p style="color: #374151; text-align: justify;">Grazie alla sua posizione, il castello era un luogo di incontro regolare per l'élite politica dell'epoca. Secondo la leggenda, era qui che venivano prese le vere decisioni su molte questioni di importanza nazionale.</p>
</div>
</div>
</div>
</div>
<p><br class="clear"/></div>
</div>
</div>
</div>
<div  class="ppb_image_half_boxed_fixed_width one" >
<div class="standard_wrapper">
<div class="page_content_wrapper">
<div class="inner">
<div class="one_half content_middle fixed" style="padding:0px; text-align:left;min-height:420px;">
<div class="content_middle_wrapper">
<div class="content_middle_content">
<div class="ppb_header_content">
<p style="color: #374151; text-align: justify;">Dal loro matrimonio nacque il conte Andor Csáky. Era un magnate amante dell'arte e, attraverso la madre, proprietario di terreni nel Öttevény. Nei primi anni di vita fu attratto dalla poesia e scrisse poesie, poi scrisse articoli economici e infine si interessò soprattutto alla fotografia. In seguito compie diversi viaggi di studio in Germania e in Francia, dove conosce l'industria della produzione cinematografica e contatta per corrispondenza la casa cinematografica americana, con la quale si consulta sul suo progetto di film.</p>
<p style="color: #374151; text-align: justify;">Si sposò tre volte, la prima fu Erzsébet Ilona Csáky di Kőrösszegh e Adorján (18 ottobre 1900 - Budapest, 24 gennaio 1974), che sposò il 28 marzo 1919 e dalla quale ebbe le figlie: Andrea (nata il 25 aprile 1920), Szonja (nata a Győr, 15 dicembre 1929), Andrea Augusta Viktória. Dopo il divorzio, avvenuto il 5 aprile 1930, si sposò altre due volte: Maria Benz (nata il 21 marzo 1907) e successivamente Marion Kégl (nata nel gennaio 1906).</p>
<p style="color: #374151; text-align: justify;">Nel 1931, girò un cortometraggio muto in due parti (circa 600 metri) nella sua tenuta di Öttevény, con un cast di studenti di recitazione, attori dilettanti e il suo staff.</p>
</div>
</div>
</div>
</div>
<p><br class="clear"/></div>
</div>
</div>
</div>
<div  class="one withsmallpadding ppb_header" style="text-align:left;padding:30px 0 30px 0;" >
<div class="overlay_background" style="background:#000000;background:rgb(0,0,0,1);background:rgba(0,0,0,1);"></div>
<div class="standard_wrapper">
<div class="page_content_wrapper">
<div class="inner">
<div style="margin:auto;width:100%">
<h2 class="ppb_title" style="">Oggi...</h2>
</div>
</div>
</div>
</div>
</div>
<div  class="ppb_image_half_boxed_fixed_width one" >
<div class="standard_wrapper">
<div class="page_content_wrapper">
<div class="inner">
<div class="one_half content_middle fixed" style="padding:0px; text-align:left;min-height:420px;">
<div class="content_middle_wrapper">
<div class="content_middle_content">
<div class="ppb_header_content">
<p style="color: #374151; text-align: justify;">A metà del XX secolo, l'edificio passò di proprietà della Waggonfabrik e svolse diverse funzioni, tra cui alloggi di emergenza, una farmacia e una casa di cura. ÉDÁSZ Rt. acquistò l'edificio, ormai abbandonato, nel 1988, poi impiegò quattro anni per riportarlo allo stato originale e infine lo trasformò in un moderno hotel a tre stelle.</p>
<p style="color: #374151; text-align: justify;">Qualche anno dopo, il castello è stato acquistato dalla tennista slovacca di fama mondiale Daniela Hantuchova, che ha conservato e sviluppato con cura l'edificio fino al momento della sua chiusura. Durante la ristrutturazione, sono stati preservati il carattere e lo stile originali del castello, che riflette ancora l'atmosfera del secolo scorso. Nel 2020, Covid ha posto fine alla sua fiorente attività.</p>
</div>
</div>
</div>
</div>
<p><br class="clear"/></div>
</div>
</div>
</div>
<div  class="ppb_image_half_boxed_fixed_width one" >
<div class="standard_wrapper">
<div class="page_content_wrapper">
<div class="inner">
<div class="one_half content_middle fixed" style="padding:0px; text-align:left;min-height:420px;">
<div class="content_middle_wrapper">
<div class="content_middle_content">
<div class="ppb_header_content">
<p style="color: #374151; text-align: justify;">Dopo la chiusura, l'antico edificio è sprofondato in una silenziosa solitudine per 2 anni, che ha avuto un effetto marcato sul suo stato tecnico, e il parco è diventato invaso dalla vegetazione. Nel maggio 2023, il castello è diventato proprietà della famiglia Matusz di Győr e lo sviluppo è ripreso. Il castello è attualmente sottoposto a una completa ristrutturazione energetica e architettonica e si prevede che riaprirà al pubblico il 30 aprile 2024.</p>
<p style="color: #374151; text-align: justify;">La storia del villaggio di Öttevény e del castello di Földváry è stata strettamente intrecciata nel corso dei secoli, rendendolo uno degli elementi più importanti del patrimonio storico locale per gli abitanti del villaggio, che sono orgogliosi del loro passato e continuano a preservare lo spirito storico del villaggio.</p>
</div>
</div>
</div>
</div>
<p><br class="clear"/></div>
</div>
</div>
</div>

<p>Il castello Földváry si trova nel comune di Öttevény, a 15 km da Győr, nel Transdanubio occidentale. Il villaggio, che ha subito molti cambiamenti storici nel corso degli anni, ha conservato il suo significato storico e il suo ricco patrimonio fino ad oggi. È menzionato per la prima volta in fonti scritte nel XIII secolo, dove è conosciuto come Öttevény [...]</p>
