{"id":7578,"date":"2024-05-08T12:23:32","date_gmt":"2024-05-08T10:23:32","guid":{"rendered":"https:\/\/ottevenyikastely.hu\/?page_id=7578"},"modified":"2024-07-09T20:55:00","modified_gmt":"2024-07-09T18:55:00","slug":"eventi","status":"publish","type":"page","link":"https:\/\/ottevenyikastely.hu\/it\/eventi\/","title":{"rendered":"Eventi"},"content":{"rendered":"<div data-elementor-type=\"wp-page\" data-elementor-id=\"7578\" class=\"elementor elementor-7578\" data-elementor-post-type=\"page\">\n\t\t\t\t<div class=\"elementor-element elementor-element-fab271a e-con-full e-flex e-con e-parent\" data-id=\"fab271a\" data-element_type=\"container\" data-e-type=\"container\" data-settings=\"{&quot;background_background&quot;:&quot;classic&quot;}\">\n\t\t<div class=\"elementor-element elementor-element-f770a4f e-con-full e-flex e-con e-child\" data-id=\"f770a4f\" data-element_type=\"container\" data-e-type=\"container\">\n\t\t\t\t<div class=\"elementor-element elementor-element-b34c8d7 elementor-widget elementor-widget-heading\" data-id=\"b34c8d7\" data-element_type=\"widget\" data-e-type=\"widget\" data-widget_type=\"heading.default\">\n\t\t\t\t<div class=\"elementor-widget-container\">\n\t\t\t\t\t<h1 class=\"elementor-heading-title elementor-size-default\">Eventi<\/h1>\t\t\t\t<\/div>\n\t\t\t\t<\/div>\n\t\t\t\t<\/div>\n\t\t\t\t<\/div>\n\t\t<div class=\"elementor-element elementor-element-e08fc73 e-flex e-con-boxed e-con e-parent\" data-id=\"e08fc73\" data-element_type=\"container\" data-e-type=\"container\" data-settings=\"{&quot;background_background&quot;:&quot;classic&quot;}\">\n\t\t\t\t\t<div class=\"e-con-inner\">\n\t\t<div class=\"elementor-element elementor-element-deb8d34 e-flex e-con-boxed e-con e-child\" data-id=\"deb8d34\" data-element_type=\"container\" data-e-type=\"container\">\n\t\t\t\t\t<div class=\"e-con-inner\">\n\t\t<div class=\"elementor-element elementor-element-3717f9b e-flex e-con-boxed e-con e-child\" data-id=\"3717f9b\" data-element_type=\"container\" data-e-type=\"container\">\n\t\t\t\t\t<div class=\"e-con-inner\">\n\t\t\t\t<div class=\"elementor-element elementor-element-554b9eb elementor-cta--valign-middle elementor-widget__width-initial elementor-cta--skin-classic elementor-animated-content elementor-bg-transform elementor-bg-transform-zoom-in elementor-widget elementor-widget-call-to-action\" data-id=\"554b9eb\" data-element_type=\"widget\" data-e-type=\"widget\" data-widget_type=\"call-to-action.default\">\n\t\t\t\t<div class=\"elementor-widget-container\">\n\t\t\t\t\t\t\t<div class=\"elementor-cta\">\n\t\t\t\t\t<div class=\"elementor-cta__bg-wrapper\">\n\t\t\t\t<div class=\"elementor-cta__bg elementor-bg\" style=\"background-image: url(https:\/\/ottevenyikastely.hu\/wp-content\/uploads\/2024\/05\/kastely.png);\" role=\"img\" aria-label=\"Castrazione\"><\/div>\n\t\t\t\t<div class=\"elementor-cta__bg-overlay\"><\/div>\n\t\t\t<\/div>\n\t\t\t\t\t\t\t<div class=\"elementor-cta__content\">\n\t\t\t\t\n\t\t\t\t\t\t\t\t\t<h2 class=\"elementor-cta__title elementor-cta__content-item elementor-content-item\">\n\t\t\t\t\t\tI. F\u00f6ldv\u00e1ry-giorno del castello <br> Data: 2024.08.19\t\t\t\t\t<\/h2>\n\t\t\t\t\n\t\t\t\t\t\t\t\t\t<div class=\"elementor-cta__description elementor-cta__content-item elementor-content-item\">\n\t\t\t\t\t\tUna fiera dell'antiquariato nel cortile del castello e una mostra internazionale di bambole e orsacchiotti all'interno del castello. Ammirate e acquistate i cimeli pi\u00f9 preziosi di un tempo e i tesori pi\u00f9 preziosi dei collezionisti. Oltre alla mostra e alla fiera, offriremo anche un entusiasmante programma di attivit\u00e0 collaterali per rendere la giornata memorabile per grandi e piccini. Le giornate F\u00f6ldv\u00e1ry sono una tradizione e parte integrante della Giornata del Villaggio.\t\t\t\t\t<\/div>\n\t\t\t\t\n\t\t\t\t\t\t\t\t\t<div class=\"elementor-cta__button-wrapper elementor-cta__content-item elementor-content-item\">\n\t\t\t\t\t<a class=\"elementor-cta__button elementor-button elementor-size-\" href=\"https:\/\/ottevenyikastely.hu\/it\/foldvary-kastely-napok-2024\/\">\n\t\t\t\t\t\tController\u00f2\t\t\t\t\t<\/a>\n\t\t\t\t\t<\/div>\n\t\t\t\t\t\t\t<\/div>\n\t\t\t\t\t\t\t<div class=\"elementor-ribbon\">\n\t\t\t\t<div class=\"elementor-ribbon-inner\">\n\t\t\t\t\tAttivo\t\t\t\t<\/div>\n\t\t\t<\/div>\n\t\t\t\t<\/div>\n\t\t\t\t\t\t<\/div>\n\t\t\t\t<\/div>\n\t\t\t\t<div class=\"elementor-element elementor-element-46d8b22 elementor-cta--valign-middle elementor-widget__width-initial elementor-cta--skin-classic elementor-animated-content elementor-bg-transform elementor-bg-transform-zoom-in elementor-widget elementor-widget-call-to-action\" data-id=\"46d8b22\" data-element_type=\"widget\" data-e-type=\"widget\" data-widget_type=\"call-to-action.default\">\n\t\t\t\t<div class=\"elementor-widget-container\">\n\t\t\t\t\t\t\t<div class=\"elementor-cta\">\n\t\t\t\t\t<div class=\"elementor-cta__bg-wrapper\">\n\t\t\t\t<div class=\"elementor-cta__bg elementor-bg\" style=\"background-image: url(https:\/\/ottevenyikastely.hu\/wp-content\/uploads\/2024\/06\/Chateau_foldvary_kastely_eskuvoi_divatbemutato_es_kiallitas.jpg);\" role=\"img\" aria-label=\"Barcellona,-,maggio,11:,modelle,a,passeggio,con,Karolina,Kurkova,modella\"><\/div>\n\t\t\t\t<div class=\"elementor-cta__bg-overlay\"><\/div>\n\t\t\t<\/div>\n\t\t\t\t\t\t\t<div class=\"elementor-cta__content\">\n\t\t\t\t\n\t\t\t\t\t\t\t\t\t<h2 class=\"elementor-cta__title elementor-cta__content-item elementor-content-item\">\n\t\t\t\t\t\tSfilata e mostra di moda nuziale <br> Data: 28-29.09.2024.\t\t\t\t\t<\/h2>\n\t\t\t\t\n\t\t\t\t\t\t\t\t\t<div class=\"elementor-cta__description elementor-cta__content-item elementor-content-item\">\n\t\t\t\t\t\tStilisti provenienti da tre delle pi\u00f9 prestigiose citt\u00e0 della moda della regione, Vienna, Budapest e Bratislava, uniscono le forze per presentare le ultime tendenze della moda nuziale nello splendido Castello di F\u00f6ldv\u00e1r. L'evento, che si terr\u00e0 dal 28 al 29 settembre 2024, accoglier\u00e0 alcune delle personalit\u00e0 pi\u00f9 importanti del mondo della moda insieme agli sposi interessati.\t\t\t\t\t<\/div>\n\t\t\t\t\n\t\t\t\t\t\t\t\t\t<div class=\"elementor-cta__button-wrapper elementor-cta__content-item elementor-content-item\">\n\t\t\t\t\t<a class=\"elementor-cta__button elementor-button elementor-size-\" href=\"https:\/\/ottevenyikastely.hu\/it\/eskuvoi-divatbemutato-es-kiallitas\/\">\n\t\t\t\t\t\tController\u00f2\t\t\t\t\t<\/a>\n\t\t\t\t\t<\/div>\n\t\t\t\t\t\t\t<\/div>\n\t\t\t\t\t\t\t<div class=\"elementor-ribbon\">\n\t\t\t\t<div class=\"elementor-ribbon-inner\">\n\t\t\t\t\tProssimamente\t\t\t\t<\/div>\n\t\t\t<\/div>\n\t\t\t\t<\/div>\n\t\t\t\t\t\t<\/div>\n\t\t\t\t<\/div>\n\t\t\t\t\t<\/div>\n\t\t\t\t<\/div>\n\t\t<div class=\"elementor-element elementor-element-bc59c57 e-flex e-con-boxed e-con e-child\" data-id=\"bc59c57\" data-element_type=\"container\" data-e-type=\"container\">\n\t\t\t\t\t<div class=\"e-con-inner\">\n\t\t\t\t<div class=\"elementor-element elementor-element-1dce12d elementor-cta--valign-middle elementor-widget__width-initial elementor-cta--skin-classic elementor-animated-content elementor-bg-transform elementor-bg-transform-zoom-in elementor-widget elementor-widget-call-to-action\" data-id=\"1dce12d\" data-element_type=\"widget\" data-e-type=\"widget\" data-widget_type=\"call-to-action.default\">\n\t\t\t\t<div class=\"elementor-widget-container\">\n\t\t\t\t\t\t\t<div class=\"elementor-cta\">\n\t\t\t\t\t<div class=\"elementor-cta__bg-wrapper\">\n\t\t\t\t<div class=\"elementor-cta__bg elementor-bg\" style=\"background-image: url(https:\/\/ottevenyikastely.hu\/wp-content\/uploads\/2024\/05\/Chateau_Foldvary_kastely.jpg);\" role=\"img\" aria-label=\"Chateau_Foldvary_kastely\"><\/div>\n\t\t\t\t<div class=\"elementor-cta__bg-overlay\"><\/div>\n\t\t\t<\/div>\n\t\t\t\t\t\t\t<div class=\"elementor-cta__content\">\n\t\t\t\t\n\t\t\t\t\t\t\t\t\t<h2 class=\"elementor-cta__title elementor-cta__content-item elementor-content-item\">\n\t\t\t\t\t\tConcorso fotografico <br> Data: 2024.06.01-2025.06.01\t\t\t\t\t<\/h2>\n\t\t\t\t\n\t\t\t\t\t\t\t\t\t<div class=\"elementor-cta__description elementor-cta__content-item elementor-content-item\">\n\t\t\t\t\t\tL'\u00f6ttev\u00e9nyi kast\u00e9ly \u00e8 orgoglioso di annunciare il concorso fotografico e video \"Quattro stagioni nell'\u00f6ttev\u00e9nyi kast\u00e9ly\". L'obiettivo del concorso \u00e8 quello di mostrare la bellezza mutevole e accattivante del castello e dei suoi giardini in tutte le stagioni attraverso materiale fotografico e video. \t\t\t\t\t<\/div>\n\t\t\t\t\n\t\t\t\t\t\t\t\t\t<div class=\"elementor-cta__button-wrapper elementor-cta__content-item elementor-content-item\">\n\t\t\t\t\t<a class=\"elementor-cta__button elementor-button elementor-size-\" href=\"https:\/\/ottevenyikastely.hu\/it\/fotopalyazate_2024\/\">\n\t\t\t\t\t\tController\u00f2\t\t\t\t\t<\/a>\n\t\t\t\t\t<\/div>\n\t\t\t\t\t\t\t<\/div>\n\t\t\t\t\t\t\t<div class=\"elementor-ribbon\">\n\t\t\t\t<div class=\"elementor-ribbon-inner\">\n\t\t\t\t\tChiuso\t\t\t\t<\/div>\n\t\t\t<\/div>\n\t\t\t\t<\/div>\n\t\t\t\t\t\t<\/div>\n\t\t\t\t<\/div>\n\t\t\t\t\t<\/div>\n\t\t\t\t<\/div>\n\t\t\t\t\t<\/div>\n\t\t\t\t<\/div>\n\t\t\t\t\t<\/div>\n\t\t\t\t<\/div>\n\t\t\t\t<\/div>","protected":false},"excerpt":{"rendered":"<p>Eventi I. F\u00f6ldv\u00e1ry-Giornata del castello Data: 19.08.2024.08.2024 Fiera dell'antiquariato nel cortile del castello e Mostra internazionale dell'orsetto all'interno del castello. Ammirate e acquistate alcuni dei cimeli pi\u00f9 preziosi di un tempo e i tesori pi\u00f9 preziosi dei collezionisti. Oltre alla mostra e alla fiera, interessanti programmi di accompagnamento renderanno [...]<\/p>","protected":false},"author":3,"featured_media":0,"parent":0,"menu_order":0,"comment_status":"closed","ping_status":"closed","template":"elementor_header_footer","meta":{"footnotes":""},"class_list":["post-7578","page","type-page","status-publish","hentry","entry"],"_links":{"self":[{"href":"https:\/\/ottevenyikastely.hu\/it\/wp-json\/wp\/v2\/pages\/7578","targetHints":{"allow":["GET"]}}],"collection":[{"href":"https:\/\/ottevenyikastely.hu\/it\/wp-json\/wp\/v2\/pages"}],"about":[{"href":"https:\/\/ottevenyikastely.hu\/it\/wp-json\/wp\/v2\/types\/page"}],"author":[{"embeddable":true,"href":"https:\/\/ottevenyikastely.hu\/it\/wp-json\/wp\/v2\/users\/3"}],"replies":[{"embeddable":true,"href":"https:\/\/ottevenyikastely.hu\/it\/wp-json\/wp\/v2\/comments?post=7578"}],"version-history":[{"count":0,"href":"https:\/\/ottevenyikastely.hu\/it\/wp-json\/wp\/v2\/pages\/7578\/revisions"}],"wp:attachment":[{"href":"https:\/\/ottevenyikastely.hu\/it\/wp-json\/wp\/v2\/media?parent=7578"}],"curies":[{"name":"wp","href":"https:\/\/api.w.org\/{rel}","templated":true}]}}

<div data-elementor-type="wp-page" data-elementor-id="7578" class="elementor elementor-7578" data-elementor-post-type="page">
				<div class="elementor-element elementor-element-fab271a e-con-full e-flex e-con e-parent" data-id="fab271a" data-element_type="container" data-e-type="container" data-settings="{&quot;background_background&quot;:&quot;classic&quot;}">
		<div class="elementor-element elementor-element-f770a4f e-con-full e-flex e-con e-child" data-id="f770a4f" data-element_type="container" data-e-type="container">
				<div class="elementor-element elementor-element-b34c8d7 elementor-widget elementor-widget-heading" data-id="b34c8d7" data-element_type="widget" data-e-type="widget" data-widget_type="heading.default">
				<div class="elementor-widget-container">
					<h1 class="elementor-heading-title elementor-size-default">Eventi</h1>				</div>
				</div>
				</div>
				</div>
		<div class="elementor-element elementor-element-e08fc73 e-flex e-con-boxed e-con e-parent" data-id="e08fc73" data-element_type="container" data-e-type="container" data-settings="{&quot;background_background&quot;:&quot;classic&quot;}">
					<div class="e-con-inner">
		<div class="elementor-element elementor-element-deb8d34 e-flex e-con-boxed e-con e-child" data-id="deb8d34" data-element_type="container" data-e-type="container">
					<div class="e-con-inner">
		<div class="elementor-element elementor-element-3717f9b e-flex e-con-boxed e-con e-child" data-id="3717f9b" data-element_type="container" data-e-type="container">
					<div class="e-con-inner">
				<div class="elementor-element elementor-element-554b9eb elementor-cta--valign-middle elementor-widget__width-initial elementor-cta--skin-classic elementor-animated-content elementor-bg-transform elementor-bg-transform-zoom-in elementor-widget elementor-widget-call-to-action" data-id="554b9eb" data-element_type="widget" data-e-type="widget" data-widget_type="call-to-action.default">
				<div class="elementor-widget-container">
							<div class="elementor-cta">
					<div class="elementor-cta__bg-wrapper">
				<div class="elementor-cta__bg elementor-bg" style="background-image: url(https://ottevenyikastely.hu/wp-content/uploads/2024/05/kastely.png);" role="img" aria-label="Castrazione"></div>
				<div class="elementor-cta__bg-overlay"></div>
			</div>
							<div class="elementor-cta__content">
				
									<h2 class="elementor-cta__title elementor-cta__content-item elementor-content-item">
						I. Földváry-giorno del castello <br> Data: 2024.08.19					</h2>
				
									<div class="elementor-cta__description elementor-cta__content-item elementor-content-item">
						Una fiera dell'antiquariato nel cortile del castello e una mostra internazionale di bambole e orsacchiotti all'interno del castello. Ammirate e acquistate i cimeli più preziosi di un tempo e i tesori più preziosi dei collezionisti. Oltre alla mostra e alla fiera, offriremo anche un entusiasmante programma di attività collaterali per rendere la giornata memorabile per grandi e piccini. Le giornate Földváry sono una tradizione e parte integrante della Giornata del Villaggio.					</div>
				
									<div class="elementor-cta__button-wrapper elementor-cta__content-item elementor-content-item">
					<a class="elementor-cta__button elementor-button elementor-size-" href="https://ottevenyikastely.hu/it/foldvary-kastely-napok-2024/">
						Controllerò					</a>
					</div>
							</div>
							<div class="elementor-ribbon">
				<div class="elementor-ribbon-inner">
					Attivo				</div>
			</div>
				</div>
						</div>
				</div>
				<div class="elementor-element elementor-element-46d8b22 elementor-cta--valign-middle elementor-widget__width-initial elementor-cta--skin-classic elementor-animated-content elementor-bg-transform elementor-bg-transform-zoom-in elementor-widget elementor-widget-call-to-action" data-id="46d8b22" data-element_type="widget" data-e-type="widget" data-widget_type="call-to-action.default">
				<div class="elementor-widget-container">
							<div class="elementor-cta">
					<div class="elementor-cta__bg-wrapper">
				<div class="elementor-cta__bg elementor-bg" style="background-image: url(https://ottevenyikastely.hu/wp-content/uploads/2024/06/Chateau_foldvary_kastely_eskuvoi_divatbemutato_es_kiallitas.jpg);" role="img" aria-label="Barcellona,-,maggio,11:,modelle,a,passeggio,con,Karolina,Kurkova,modella"></div>
				<div class="elementor-cta__bg-overlay"></div>
			</div>
							<div class="elementor-cta__content">
				
									<h2 class="elementor-cta__title elementor-cta__content-item elementor-content-item">
						Sfilata e mostra di moda nuziale <br> Data: 28-29.09.2024.					</h2>
				
									<div class="elementor-cta__description elementor-cta__content-item elementor-content-item">
						Stilisti provenienti da tre delle più prestigiose città della moda della regione, Vienna, Budapest e Bratislava, uniscono le forze per presentare le ultime tendenze della moda nuziale nello splendido Castello di Földvár. L'evento, che si terrà dal 28 al 29 settembre 2024, accoglierà alcune delle personalità più importanti del mondo della moda insieme agli sposi interessati.					</div>
				
									<div class="elementor-cta__button-wrapper elementor-cta__content-item elementor-content-item">
					<a class="elementor-cta__button elementor-button elementor-size-" href="https://ottevenyikastely.hu/it/eskuvoi-divatbemutato-es-kiallitas/">
						Controllerò					</a>
					</div>
							</div>
							<div class="elementor-ribbon">
				<div class="elementor-ribbon-inner">
					Prossimamente				</div>
			</div>
				</div>
						</div>
				</div>
					</div>
				</div>
		<div class="elementor-element elementor-element-bc59c57 e-flex e-con-boxed e-con e-child" data-id="bc59c57" data-element_type="container" data-e-type="container">
					<div class="e-con-inner">
				<div class="elementor-element elementor-element-1dce12d elementor-cta--valign-middle elementor-widget__width-initial elementor-cta--skin-classic elementor-animated-content elementor-bg-transform elementor-bg-transform-zoom-in elementor-widget elementor-widget-call-to-action" data-id="1dce12d" data-element_type="widget" data-e-type="widget" data-widget_type="call-to-action.default">
				<div class="elementor-widget-container">
							<div class="elementor-cta">
					<div class="elementor-cta__bg-wrapper">
				<div class="elementor-cta__bg elementor-bg" style="background-image: url(https://ottevenyikastely.hu/wp-content/uploads/2024/05/Chateau_Foldvary_kastely.jpg);" role="img" aria-label="Chateau_Foldvary_kastely"></div>
				<div class="elementor-cta__bg-overlay"></div>
			</div>
							<div class="elementor-cta__content">
				
									<h2 class="elementor-cta__title elementor-cta__content-item elementor-content-item">
						Concorso fotografico <br> Data: 2024.06.01-2025.06.01					</h2>
				
									<div class="elementor-cta__description elementor-cta__content-item elementor-content-item">
						L'öttevényi kastély è orgoglioso di annunciare il concorso fotografico e video "Quattro stagioni nell'öttevényi kastély". L'obiettivo del concorso è quello di mostrare la bellezza mutevole e accattivante del castello e dei suoi giardini in tutte le stagioni attraverso materiale fotografico e video. 					</div>
				
									<div class="elementor-cta__button-wrapper elementor-cta__content-item elementor-content-item">
					<a class="elementor-cta__button elementor-button elementor-size-" href="https://ottevenyikastely.hu/it/fotopalyazate_2024/">
						Controllerò					</a>
					</div>
							</div>
							<div class="elementor-ribbon">
				<div class="elementor-ribbon-inner">
					Chiuso				</div>
			</div>
				</div>
						</div>
				</div>
					</div>
				</div>
					</div>
				</div>
					</div>
				</div>
				</div>

<p>Eventi I. Földváry-Giornata del castello Data: 19.08.2024.08.2024 Fiera dell'antiquariato nel cortile del castello e Mostra internazionale dell'orsetto all'interno del castello. Ammirate e acquistate alcuni dei cimeli più preziosi di un tempo e i tesori più preziosi dei collezionisti. Oltre alla mostra e alla fiera, interessanti programmi di accompagnamento renderanno [...]</p>
